{"id":290,"date":"2024-07-17T14:58:26","date_gmt":"2024-07-17T14:58:26","guid":{"rendered":"https:\/\/lanotadulce.cl\/producto\/empanadas-de-manzana\/"},"modified":"2024-08-08T17:14:49","modified_gmt":"2024-08-08T17:14:49","slug":"empanadas-de-manzana","status":"publish","type":"product","link":"https:\/\/lanotadulce.cl\/de\/product\/empanadas-de-manzana\/","title":{"rendered":"Apfeltasche"},"content":{"rendered":"<p>Leckeres typisch deutsches Geb\u00e4ck aus Hefeteig und gef\u00fcllt mit einer  Apfelf\u00fcllung.<\/p>","protected":false},"excerpt":{"rendered":"<p>Leckeres typisch deutsches Geb\u00e4ck aus Hefeteig und gef\u00fcllt mit einer  Apfelf\u00fcllung.<\/p>","protected":false},"featured_media":489,"comment_status":"open","ping_status":"closed","template":"","meta":{"_joinchat":[]},"product_cat":[26],"product_tag":[],"class_list":{"0":"post-290","1":"product","2":"type-product","3":"status-publish","4":"has-post-thumbnail","6":"product_cat-pasteleria","7":"has-post-title","8":"has-post-date","9":"has-post-category","10":"has-post-tag","11":"has-post-comment","12":"has-post-author","13":"","15":"first","16":"instock","17":"shipping-taxable","18":"purchasable","19":"product-type-variable"},"_links":{"self":[{"href":"https:\/\/lanotadulce.cl\/de\/wp-json\/wp\/v2\/product\/290","targetHints":{"allow":["GET"]}}],"collection":[{"href":"https:\/\/lanotadulce.cl\/de\/wp-json\/wp\/v2\/product"}],"about":[{"href":"https:\/\/lanotadulce.cl\/de\/wp-json\/wp\/v2\/types\/product"}],"replies":[{"embeddable":true,"href":"https:\/\/lanotadulce.cl\/de\/wp-json\/wp\/v2\/comments?post=290"}],"wp:featuredmedia":[{"embeddable":true,"href":"https:\/\/lanotadulce.cl\/de\/wp-json\/wp\/v2\/media\/489"}],"wp:attachment":[{"href":"https:\/\/lanotadulce.cl\/de\/wp-json\/wp\/v2\/media?parent=290"}],"wp:term":[{"taxonomy":"product_cat","embeddable":true,"href":"https:\/\/lanotadulce.cl\/de\/wp-json\/wp\/v2\/product_cat?post=290"},{"taxonomy":"product_tag","embeddable":true,"href":"https:\/\/lanotadulce.cl\/de\/wp-json\/wp\/v2\/product_tag?post=290"}],"curies":[{"name":"wp","href":"https:\/\/api.w.org\/{rel}","templated":true}]}}

<p>Leckeres typisch deutsches Gebäck aus Hefeteig und gefüllt mit einer  Apfelfüllung.</p>
