{"id":287,"date":"2024-07-17T14:58:23","date_gmt":"2024-07-17T14:58:23","guid":{"rendered":"https:\/\/lanotadulce.cl\/producto\/tarta-de-manzana-en-cuadrados\/"},"modified":"2024-08-08T17:18:12","modified_gmt":"2024-08-08T17:18:12","slug":"tarta-de-manzana-en-cuadrados","status":"publish","type":"product","link":"https:\/\/lanotadulce.cl\/de\/product\/tarta-de-manzana-en-cuadrados\/","title":{"rendered":"Gedeckter Apfelkuchen vom Blech"},"content":{"rendered":"<p>Traditionelle deutsche Zubereitung, mit einem gebackenen Teigboden, einer Schicht Apfelf\u00fcllung, \u00fcberzogen mit M\u00fcrbeteig und Zuckerguss.<\/p>","protected":false},"excerpt":{"rendered":"<p>Traditionelle deutsche Zubereitung, mit einem gebackenen Teigboden, einer Schicht Apfelf\u00fcllung, \u00fcberzogen mit M\u00fcrbeteig und Zuckerguss.<\/p>","protected":false},"featured_media":489,"comment_status":"open","ping_status":"closed","template":"","meta":{"_joinchat":[]},"product_cat":[26],"product_tag":[],"class_list":{"0":"post-287","1":"product","2":"type-product","3":"status-publish","4":"has-post-thumbnail","6":"product_cat-pasteleria","7":"has-post-title","8":"has-post-date","9":"has-post-category","10":"has-post-tag","11":"has-post-comment","12":"has-post-author","13":"","15":"first","16":"instock","17":"shipping-taxable","18":"purchasable","19":"product-type-variable"},"_links":{"self":[{"href":"https:\/\/lanotadulce.cl\/de\/wp-json\/wp\/v2\/product\/287","targetHints":{"allow":["GET"]}}],"collection":[{"href":"https:\/\/lanotadulce.cl\/de\/wp-json\/wp\/v2\/product"}],"about":[{"href":"https:\/\/lanotadulce.cl\/de\/wp-json\/wp\/v2\/types\/product"}],"replies":[{"embeddable":true,"href":"https:\/\/lanotadulce.cl\/de\/wp-json\/wp\/v2\/comments?post=287"}],"wp:featuredmedia":[{"embeddable":true,"href":"https:\/\/lanotadulce.cl\/de\/wp-json\/wp\/v2\/media\/489"}],"wp:attachment":[{"href":"https:\/\/lanotadulce.cl\/de\/wp-json\/wp\/v2\/media?parent=287"}],"wp:term":[{"taxonomy":"product_cat","embeddable":true,"href":"https:\/\/lanotadulce.cl\/de\/wp-json\/wp\/v2\/product_cat?post=287"},{"taxonomy":"product_tag","embeddable":true,"href":"https:\/\/lanotadulce.cl\/de\/wp-json\/wp\/v2\/product_tag?post=287"}],"curies":[{"name":"wp","href":"https:\/\/api.w.org\/{rel}","templated":true}]}}

<p>Traditionelle deutsche Zubereitung, mit einem gebackenen Teigboden, einer Schicht Apfelfüllung, überzogen mit Mürbeteig und Zuckerguss.</p>
