{"id":270,"date":"2024-07-17T14:58:02","date_gmt":"2024-07-17T14:58:02","guid":{"rendered":"https:\/\/lanotadulce.cl\/producto\/striezel-de-amapola\/"},"modified":"2024-08-16T15:07:22","modified_gmt":"2024-08-16T15:07:22","slug":"striezel-de-amapola","status":"publish","type":"product","link":"https:\/\/lanotadulce.cl\/de\/product\/striezel-de-amapola\/","title":{"rendered":"Mohnstriezel"},"content":{"rendered":"<p>Gerolltes Gebaeck, bestehend aus Schichten von luftigem Teig und einer ges\u00fc\u00dften Mohnmischung. Perfekt zum Fr\u00fchst\u00fcck, Mittagessen oder zum Tee oder Kaffee.<\/p>","protected":false},"excerpt":{"rendered":"<p>Gerolltes Gebaeck, bestehend aus Schichten von luftigem Teig und einer ges\u00fc\u00dften Mohnmischung. Perfekt zum Fr\u00fchst\u00fcck, Mittagessen oder zum Tee oder Kaffee.<\/p>","protected":false},"featured_media":489,"comment_status":"open","ping_status":"closed","template":"","meta":{"_joinchat":[]},"product_cat":[26],"product_tag":[],"class_list":{"0":"post-270","1":"product","2":"type-product","3":"status-publish","4":"has-post-thumbnail","6":"product_cat-pasteleria","7":"has-post-title","8":"has-post-date","9":"has-post-category","10":"has-post-tag","11":"has-post-comment","12":"has-post-author","13":"","15":"first","16":"instock","17":"shipping-taxable","18":"purchasable","19":"product-type-variable","20":"has-default-attributes"},"_links":{"self":[{"href":"https:\/\/lanotadulce.cl\/de\/wp-json\/wp\/v2\/product\/270","targetHints":{"allow":["GET"]}}],"collection":[{"href":"https:\/\/lanotadulce.cl\/de\/wp-json\/wp\/v2\/product"}],"about":[{"href":"https:\/\/lanotadulce.cl\/de\/wp-json\/wp\/v2\/types\/product"}],"replies":[{"embeddable":true,"href":"https:\/\/lanotadulce.cl\/de\/wp-json\/wp\/v2\/comments?post=270"}],"wp:featuredmedia":[{"embeddable":true,"href":"https:\/\/lanotadulce.cl\/de\/wp-json\/wp\/v2\/media\/489"}],"wp:attachment":[{"href":"https:\/\/lanotadulce.cl\/de\/wp-json\/wp\/v2\/media?parent=270"}],"wp:term":[{"taxonomy":"product_cat","embeddable":true,"href":"https:\/\/lanotadulce.cl\/de\/wp-json\/wp\/v2\/product_cat?post=270"},{"taxonomy":"product_tag","embeddable":true,"href":"https:\/\/lanotadulce.cl\/de\/wp-json\/wp\/v2\/product_tag?post=270"}],"curies":[{"name":"wp","href":"https:\/\/api.w.org\/{rel}","templated":true}]}}

<p>Gerolltes Gebaeck, bestehend aus Schichten von luftigem Teig und einer gesüßten Mohnmischung. Perfekt zum Frühstück, Mittagessen oder zum Tee oder Kaffee.</p>
